7
Let o(n) = n**3 + 37*n**2 - 229*n - 43. Calculate o(-42).
755
Let w(l) = -l**3 + 45*l**2 - 99*l - 64. Determine w(43).
-623
Let w(b) = 6*b**2 - 357*b + 171. What is w(60)?
351
Let a(g) = 3*g**2 + 18*g - 195. Determine a(-11).
-30
Let s(r) = r**2 + 92*r + 595. Determine s(-83).
-152
Let c(o) = 82*o - 1507. Determine c(20).
133
Let h(s) = 305*s + 4899. Give h(-16).
19
Let u(o) = 13*o**3 + 26*o**2 - 26*o - 1. What is u(1)?
12
Let l(s) = -s**3 + 42*s**2 + 64. Calculate l(42).
64
Let r(p) = p**3 + 8*p**2 - 10*p - 76. Calculate r(-6).
56
Let a(u) = 4*u + 48. Determine a(-12).
0
Let a(w) = w**2 + 32*w - 79. Determine a(-32).
-79
Let s(l) = -l**3 - 52*l**2 + 33*l + 1648. What is s(-52)?
-68
Let u(a) = -2*a**3 - 2*a**2 - 4*a. Calculate u(3).
-84
Let b(z) = -52*z**3 - 313*z**2 - 2*z + 29. What is b(-6)?
5
Let a(t) = t**2 - 523*t + 42946. Determine a(102).
4
Let d(s) = -3*s**2 + 26*s - 81. What is d(4)?
-25
Let s(v) = -v**2 - 54*v - 93. Calculate s(-57).
-264
Let r(s) = -6*s**3 + 76*s**2 + 16*s - 20. Determine r(13).
-150
Let o(m) = -11*m + 635. What is o(57)?
8
Let x(n) = -n**3 - 8*n**2 + 186*n + 893. Calculate x(-5).
-112
Let z(y) = -y**3 - 10*y**2 - 21*y - 24. Calculate z(-7).
-24
Let t(n) = -n**3 - 186*n**2 - 3289*n + 5148. Determine t(-166).
2
Let a(l) = -16*l**2 - 55*l + 114. Determine a(2).
-60
Let h(u) = 2*u**2 + 24*u + 4. What is h(-10)?
-36
Let p(v) = 126*v + 10. Give p(0).
10
Let x(s) = 1069*s + 25662. Give x(-24).
6
Let d(i) = -32*i**2 + 14*i + 4. Give d(2).
-96
Let r(g) = -g**2 - 36*g - 203. What is r(-6)?
-23
Let h(v) = -110*v + 1103. What is h(10)?
3
Let c(s) = 2*s**3 - 156*s**2 + 153*s + 75. Calculate c(77).
-2
Let s(l) = l**3 - 11*l**2 + 741*l - 8129. Determine s(11).
22
Let w(k) = 4*k**3 - 789*k**2 + 180*k + 3338. Give w(197).
-11
Let d(m) = 7*m**3 + 10*m**2 + 28*m + 134. Give d(-4).
-266
Let w(y) = -5*y**2 + 286*y - 67. Determine w(57).
-10
Let h(w) = -w**2 + 16*w - 39. What is h(7)?
24
Let l(g) = -291*g + 38412. Give l(132).
0
Let p(v) = -8*v - 248. Determine p(-27).
-32
Let b(a) = -3*a**2 - 94*a - 719. Calculate b(-10).
-79
Let t(q) = 2*q**2 - 673*q + 4558. What is t(7)?
-55
Let o(p) = -19*p + 309. What is o(22)?
-109
Let l(a) = 26*a + 290. Calculate l(-11).
4
Let v(l) = 2*l**2 - 73*l + 37. Determine v(36).
1
Let x(g) = -153*g**2 + 119*g + 1. What is x(-1)?
-271
Let m(k) = k**3 - 65*k**2 + 591*k + 158. Give m(54).
-4
Let k(m) = -19*m - 133. Give k(-18).
209
Let x(s) = -6*s**3 + 205*s**2 - 62*s + 966. What is x(34)?
14
Let i(p) = p**3 + 28*p**2 + 47*p - 17. Calculate i(-27).
-557
Let u(p) = -3*p - 140. Give u(14).
-182
Let w(m) = 5*m**2 + 20*m - 126. What is w(4)?
34
Let m(c) = -15*c**2 + 274*c - 318. What is m(17)?
5
Let b(z) = 3*z**2 + 17*z + 19. Give b(-3).
-5
Let q(r) = 114*r - 27. Determine q(1).
87
Let c(i) = i + 69. What is c(-7)?
62
Let m(j) = -2*j**2 - 38*j + 242. Calculate m(11).
-418
Let y(i) = -35*i**2 + 251*i - 248. Give y(1).
-32
Let p(g) = g**2 - 19*g - 15. Give p(20).
5
Let t(c) = -20*c - 416. Give t(-22).
24
Let g(a) = 3*a**3 + 7*a**2 + 8*a + 13. Determine g(-5).
-227
Let k(d) = -7*d**2 - 24*d + 51. Determine k(-9).
-300
Let p(x) = -2*x**2 + 111*x - 74. What is p(52)?
290
Let j(s) = 33*s**2 + 58*s - 120. Give j(2).
128
Let r(x) = 33*x + 213. Give r(-12).
-183
Let i(c) = -42*c + 777. Calculate i(11).
315
Let x(n) = n**2 + 373*n + 4665. Calculate x(-13).
-15
Let c(m) = -7*m + 103. Calculate c(16).
-9
Let b(q) = -2*q**3 + 39*q**2 - 52*q - 39. What is b(18)?
-3
Let s(v) = 3*v**2 + 311*v + 7004. Determine s(-33).
8
Let o(h) = -2172*h + 10869. Calculate o(5).
9
Let z(a) = 2*a**3 + 111*a**2 - 49*a - 5708. Determine z(-55).
12
Let d(h) = -2*h**2 + 53*h + 48. Determine d(27).
21
Let g(h) = h**3 + 11*h**2 + 7*h + 24. Give g(-10).
54
Let d(y) = 3*y**2 - 23*y - 5. Determine d(7).
-19
Let j(t) = -t**3 - 138*t**2 - 1739*t - 370. Determine j(-124).
2
Let i(j) = j**2 + 4*j - 25. What is i(-4)?
-25
Let f(n) = -2*n**2 + 22*n + 108. Determine f(-7).
-144
Let u(s) = s**2 + 107*s - 663. Give u(6).
15
Let h(s) = -42*s - 611. Give h(-15).
19
Let u(q) = 18*q - 63. Determine u(-1).
-81
Let y(u) = -u**3 + 2*u**2 - 5*u + 18. Determine y(4).
-34
Let q(p) = 4*p + 53. What is q(-35)?
-87
Let u(t) = -139*t - 6246. Determine u(-45).
9
Let s(g) = -8*g**3 - 465*g**2 - 63*g - 287. Calculate s(-58).
3
Let f(p) = 96*p - 419. Give f(5).
61
Let a(z) = -z**3 + 18*z**2 + 46*z + 380. Determine a(22).
-544
Let c(x) = 7*x**3 + 28*x**2 + 79*x + 140. Give c(-3).
-34
Let d(h) = h**2 + 286*h + 17192. What is d(-200)?
-8
Let x(m) = -13*m**3 - 237*m**2 - 55*m - 38. Determine x(-18).
-20
Let t(p) = -p**2 - 121*p + 3153. Determine t(22).
7
Let l(j) = -j**2 - 23*j + 52. What is l(-20)?
112
Let s(p) = p**2 + 90*p + 256. Determine s(-3).
-5
Let i(n) = 2*n**2 + 19*n - 4319. What is i(42)?
7
Let c(z) = -100*z - 313. Give c(-3).
-13
Let u(k) = k**3 - 16*k**2 - 38*k + 36. Give u(18).
0
Let s(y) = 587*y**2 + 596*y + 5. Determine s(-1).
-4
Let l(x) = 4*x**2 + 14*x + 89. Determine l(-5).
119
Let x(n) = -n**3 - 22*n**2 + 90*n - 17. Give x(-26).
347
Let r(c) = -12*c + 63. Give r(13).
-93
Let f(t) = t**3 - 22*t**2 - 33*t + 2. Give f(23).
-228
Let m(x) = 702*x**2 - 4914*x - 4. What is m(7)?
-4
Let n(o) = -20*o - 284. What is n(-19)?
96
Let f(n) = -n**2 + 90*n - 1754. Calculate f(29).
15
Let z(w) = -913*w - 13691. Give z(-15).
4
Let n(i) = i**3 + 50*i**2 - 536*i + 6. Give n(9).
-39
Let u(o) = 87*o - 938. Give u(11).
19
Let d(f) = f**3 - 3*f**2 - 59*f + 66. Determine d(-7).
-11
Let k(a) = 65*a + 356. Give k(-7).
-99
Let d(n) = 132*n + 335. Determine d(-3).
-61
Let t(k) = 4*k**2 - 46*k - 19. Give t(14).
121
Let q(i) = -3*i**2 + 132*i + 476. Calculate q(48).
-100
Let a(v) = 18*v - 237. What is a(14)?
15
Let l(n) = -67*n**2 - 463*n - 29. Give l(-7).
-71
Let x(w) = w**2 - 30*w + 41. Calculate x(27).
-40
Let k(u) = u**3 - 22*u**2 - 106*u + 2337. Give k(22).
5
Let a(g) = -g**3 - 45*g**2 + 545*g - 313. What is a(-55)?
-38
Let j(w) = -68*w - 1117. What is j(-14)?
-165
Let g(c) = 4*c**2 + 115*c + 808. What is g(-11)?
27
Let v(u) = -u**2 - 17. Determine v(-3).
-26
Let u(p) = 8*p + 95. Give u(-7).
39
Let d(p) = 3801*p + 38005. Calculate d(-10).
-5
Let f(m) = 2*m**3 - 30*m**2 - 73*m + 86. What is f(17)?
1
Let j(w) = 833*w + 4160. Determine j(-5).
-5
Let p(j) = 2684*j + 18777. What is p(-7)?
-11
Let k(n) = -5*n**3 - 2*n**2 + 8*n + 24. Determine k(3).
-105
Let r(j) = 134*j**2 + 691*j + 25. Determine r(-5).
-80
Let o(c) = 6*c**2 + 59*c + 10. Calculate o(-9).
-35
Let a(u) = -u**3 + 14*u**2 - 20*u + 7. Give a(13).
-84
Let v(s) = -4*s**3 + s**2 + 11*s - 12. Give v(1).
-4
Let t(l) = -726*l + 11574. Determine t(16).
-42
Let o(h) = 7*h**3 - 5*h**2 - 44*h + 90. Determine o(2).
38
Let g(y) = 150*y - 16803. Give g(112).
-3
Let r(j) = 28*j - 228. What is r(14)?
164
Let a(l) = l**3 + l**2 + 6*l - 7. Give a(-6).
-223
Let n(o) = -3*o**3 - 34*o**2 - 26*o - 201. What is n(-11)?
-36
Let z(o) = 29*o**3 - o**2 + 5*o + 7. Determine z(-2).
-239
Let h(t) = t**3 - 5*t**2 + 31*t + 15. Calculate h(6).
237
Let u(w) = -w**3 - 8*w**2 + 11*w - 57. Calculate u(-9).
-75
Let s(h) = -43*h - 1367. Calculate s(-32).
9
Let h(i) = -i**3 - 24*i**2 + 80*i - 895. Determine h(-28).
1
Let t(z) = -z**3 + 51*z**2 + 44*z + 531. What is t(52)?
115
Let h(v) = v**3 + 2*v**2 - 63*v + 120. Determine h(-10).
-50
Let i(x) = x**3 + 17*x**2 + 31*x + 311. Determine i(-16).
71
Let v(j) = 6*j**3 + 391*j**2 + 73*j + 535. Calculate v(-65).
15
Let x(m) = m**3 + 8*m**2 - 31*m - 12. Give x(-11).
-34
Let k(c) = -5*c**2 + 51*c + 19. Calculate k(10).
29
Let m(v) = 23*v + 733. Determine m(-30).
43
Let x(n) = -3*n**2 - 105*n + 38. Calculate x(-37).
-184
Let i(c) = -26*c**2 - 146*c + 9. Determine i(-5).
89
Let y(q) = 5599*q - 5612. Determine y(1).
-13
Let p(c) = 11*c**3 - 65*c**2 + 8*c - 75. Give p(6).
9
Let m(p) = -12*p - 8. What is m(4)?
-56
Let v(j) = j**3 + 11*j**2 + 46*j + 25. Give v(-7).
-101
Let f(r) = -2*r**3 + 184*r**2 - 345*r - 1352. Determine f(90).
-2
Let t(y) = -2*y**3 - 10*y**2 - 31*y - 15. Calculate t(-4).
77
Let i(m) = -21*m**2 + 21*m + 1. Give i(-3).
-251
Let d(s) = 193*s**2 - 384*s + 1. Calculate d(2).
5
Let k(y) = 406*y - 2034. Give k(5).
-4
Let c(o) = -4*o**2 + 483*o - 1874. Calculate c(4).
-6
Let u(p) = -2*p + 46. Give u(40).
-34
Let h(t